a. Determine r(-8).
-9
Let x(a) be the second derivative of 16*a**3/3 - a**2/2 + 1366*a. Let y = 16 - 15. What is x(y)?
31
Let i(a) = -5. Suppose 3*u + 3 = 0, 5*j = -4*u + u + 17. Let y(c) = -c + 6. Let z(t) = j*i(t) + 3*y(t). Suppose -372*r + 1809 = 1239*r - 1413. What is z(r)?
-8
Let m(w) = w + 8. Suppose -28 + 40 = 2*s. Let j be ((-28)/(-21))/((-1)/s). Give m(j).
0
Suppose -n - 135 = -4*n. Let r = n + -43. Let l(h) = 10 + h**3 - 34*h - 36*h - 7*h**r + 61*h. Give l(8).
2
Let c(l) = l**3 - 4*l**2 - 13*l + 7. Let s(f) = 799*f + 7197. Let q be s(-9). What is c(q)?
1
Suppose 0 = -95*k + 83*k + 1944. Let s(f) = -f + k - f + f - 147. Calculate s(9).
6
Let t(c) = 17 - 7 + 5*c - 45 + 5*c. Calculate t(10).
65
Let s(r) = 3*r**2 - 9*r - 4. Let q(o) = 8*o**2 - 26*o - 11. Let j(b) = 4*q(b) - 11*s(b). Suppose 30 = -2*f - 5*t + t, 0 = 2*t + 8. Determine j(f).
-14
Let l(g) = 2*g**2 + 38*g + 30. Suppose 874 = -118*x - 1250. Determine l(x).
-6
Let f = -8644 + 8640. Let b(s) = 3*s**3 + 5*s**2 - 4*s - 1. Calculate b(f).
-97
Suppose -3*o + 5*w = -6, -o - 21 = 4*w - 6. Let s(l) be the first derivative of -5*l**2/2 - 4*l + 48399. Give s(o).
11
Let r(g) = -8*g + 13. Let o(d) = 9*d - 15. Let v(w) = -7*o(w) - 8*r(w). What is v(-11)?
-10
Let a(g) = g**3 + g + 8. Let m(i) = 6*i**2 + 355*i + 59. Let n be m(-59). What is a(n)?
8
Suppose 546 = 15*l - 234. Let y be -44 + -6*(-1)/(-2). Let f = y + l. Let k(z) = -z**3 + 4*z**2 + 4*z + 6. Determine k(f).
1
Let a(b) = 7*b - 4. Let g(k) = -k**2 + 12*k + 31. Let j be g(14). Suppose -5*o + 1 = -19, -4*h + 28 = -j*o. Let c be (2 - 1)/(h/30). Calculate a(c).
17
Let i = -371 + 368. Let j(h) = 2*h**3 + 11*h**2 - 12. Let l(t) = -t**3 - t**2 - 2*t + 1. Let o(g) = i*l(g) - j(g). Give o(7).
2
Let l be -4 - (-3)/((-18)/(-30)). Let k(x) = -x. Let j(z) = -5*z - 3. Let p(v) = l*j(v) - 6*k(v). Give p(5).
2
Let b(g) = -g**3 - 3*g**2 - g + 1. Let w(t) = 52*t - 49. Let s be w(1). Determine b(s).
-56
Suppose 21 = -k + 5. Let y be (-8)/k*(26 - 0/(-2)). Let x(g) = -3 - 4 + y*g**2 + 14*g**2 - 6*g - 28*g**2. Determine x(-6).
-7
Let g(a) = -21*a - 6. Let p = -5955 + 5958. Give g(p).
-69
Let s be (-135)/60 - 5/(-4). Let c be (5 - 3)/(0 + s/(-7)). Let j be (-1)/(((-3)/(-21))/(4/c)). Let q(o) = 2*o - 1. Determine q(j).
-5
Let u(i) be the third derivative of -i**5/60 - i**4/8 + i**3/3 - 2*i**2. Let h = -462 + 458. Determine u(h).
-2
Let s = -3 - 4. Let b = 351 + -346. Let q(f) = -487 + b*f - 4*f + 492. Calculate q(s).
-2
Suppose -8*n + 144 = 4*n. Suppose -5*i + 2*p = n, -3*i + 3*p = -0*p + 9. Let l(y) = -8*y**2 - 3*y. What is l(i)?
-26
Let l(i) = -i**2 + 10*i - 10. Suppose 0*z = -4*z + 12. Let y(o) = 23*o + 3. Let f(q) = -9*q - 1. Let b(h) = -8*f(h) - 3*y(h). Let t be b(z). Calculate l(t).
6
Suppose -34 = -4*i - b - 5, 3 = 3*b. Let x(l) = 89*l**2 + 6*l - 3. Let u(m) = 163*m**2 + 12*m - 4. Let y(d) = -6*u(d) + 11*x(d). Determine y(i).
-2
Suppose -3*m - 4*k = 2*m - 37, 24 = 2*m - 3*k. Let s be 9*(1 + (-6)/m). Suppose s*a + 8 = -10. Let u(x) = -2*x + 3. What is u(a)?
15
Suppose 8*r = 521 - 1. Let j = -60 + r. Let o(f) = 4*f + 15*f**2 - 10*f**2 - 9*f**2 + j - f**3. Calculate o(-4).
-11
Let c be (-4)/46 + (-48622)/529. Let j be (c/(-138))/((-4)/(-18)). Let u(r) = -r**3 + r**2 + 3*r - 4. What is u(j)?
-13
Let y(t) be the third derivative of -t**5/12 + t**4/6 + 3*t**3/2 + 23*t**2 - 27*t - 3. What is y(3)?
-24
Let p(y) = 12*y + 11 + 0*y**3 + 3*y**3 - 2*y**3 + 11*y**2. Suppose 26 = 3*u - 4*r, 0 = u + 5*r + 4. Suppose 10*j + 40 = u*j. Determine p(j).
-9
Let a(o) be the first derivative of o**2 + 12*o + 1650. Determine a(-9).
-6
Suppose -12 = -6*a + 8*a. Let b(w) = w**3 + 6*w**2 - 3*w - 13. Let z be b(a). Suppose -3*u - l = l - 34, -5 = z*l. Let x(q) = -q**2 + 12*q - 6. Give x(u).
-6
Let g be ((-1056)/(-80))/11*5/(-2). Let u(s) = 3*s + 4. Give u(g).
-5
Suppose -4 = -41*k + 37*k, -k = 3*s + 83. Let w(h) = -h - 20. What is w(s)?
8
Let b(o) be the first derivative of o**4/4 - 11*o**3/3 + o**2/2 - 16*o + 2. Suppose -8*v = 4*s - 9*v - 48, 4*s - 4*v = 60. Calculate b(s).
-5
Let u be (-854)/56 - (-1)/4. Let n(j) = -69*j - 7. Let y(d) = -32*d - 4. Let x(s) = 6*n(s) - 13*y(s). Calculate x(u).
-20
Let z(h) = h**2 - 12*h + 1. Let j be z(13). Let f(q) = -j*q - 7*q + 36*q - 14*q - 5*q**2. Let s be (-2 + 0 + 0)/(-2). Give f(s).
-4
Let k(v) = -3*v - 25. Let g(z) = -z**3 + 33*z**2 - 31*z - 32. Let x be g(32). Suppose x = -s - 28*s - 290. Determine k(s).
5
Suppose 0 = -111*m + 41*m + 70. Let r(u) be the second derivative of u**4/3 - u**3/6 + u**2/2 - u. Let x(j) be the first derivative of r(j). Give x(m).
7
Let a(w) = 2*w**2 + 5*w + 2. Let r be (-160)/(-64)*20/(-25). Give a(r).
0
Suppose -3*m + 218 = -76. Let u(y) = -10*y + m - 48 - 50. Let o = -1 + 0. What is u(o)?
10
Suppose -2*q + 54 = 16*q. Let h(n) = 2*n + 549*n**q - 1103*n**3 + 553*n**3 + 6 + 6*n**2. Calculate h(6).
18
Let d(u) = 145 - 68 + 285 + 21*u. What is d(-17)?
5
Let p(z) be the second derivative of -z**5/20 + 2*z**4/3 - 7*z**3/6 - 2*z**2 + z. Let b = 8884 + -8877. What is p(b)?
-4
Let g(m) be the third derivative of m**7/840 - 7*m**6/360 + m**5/20 + 5*m**4/24 + 13*m**3 + 2*m**2 + 100. Let c(i) be the first derivative of g(i). Give c(5).
-15
Let j(a) = 3*a**2 - 2*a**2 + 21414*a - 21417*a - 4. Let f = 12 + 13. Suppose 0 = -2*s - 3*s + f. What is j(s)?
6
Suppose -5*a - 5*q - 25 = 0, 178*a - 175*a = 3*q + 9. Suppose 2*y = -6 + 16. Let j(r) = -2 + y*r + 3 - 4*r + 10*r**2. Calculate j(a).
10
Let v(p) be the second derivative of p**4/6 - 5*p**3/6 - 30*p**2 - 105*p - 16. Calculate v(-5).
15
Let o(v) = -17*v**2 + 5*v. Let x be 8/((-32)/(-3))*12. Let y(i) = 35*i**2 - 11*i. Let z(r) = x*o(r) + 4*y(r). What is z(1)?
-12
Let t be (-32)/16*(9/(-6) - 2). Let m(f) = -16*f + 119. Calculate m(t).
7
Let o(c) = -4*c + 123. Let i be 25 + 0 + 228/532 + (-33)/(-21). Give o(i).
15
Let c(j) = -8*j - 235. Let l(d) = 3*d + 83. Let y(v) = 6*c(v) + 17*l(v). Let h = -6 + 3. Let a be h*(-3 - 30/(-9)). What is y(a)?
-2
Suppose -5*l = 4*t - 2, 0 = 4*t - l - 1090 + 1076. Let i(d) = d + 13. Let k be i(-7). Let w(y) = -4*y**t - 4*y + k + 13*y**2 - 8*y**2 + 3*y**3. Give w(5).
-14
Let r be 10/4 + (-3)/6. Let m(w) be the first derivative of -21 - 1/2*w**2 - w + 1/3*w**3. Determine m(r).
1
Let d(h) = -16*h**2 + 144*h + 2. Let m be d(9). Let w(t) be the first derivative of 7/2*t**2 - m*t + 1/3*t**3 + 2. What is w(-5)?
-12
Let m(t) = 7*t**3 + 23*t**2 - 13*t + 1. Let n(p) = 15*p**3 + 49*p**2 - 28*p + 1. Let i(q) = -13*m(q) + 6*n(q). Give i(-6).
23
Let i = -5 - -7. Let u(p) = i + 0 + 0 + 2*p. Let d = -69 + 71. Determine u(d).
6
Let n(z) be the third derivative of z**6/120 - z**5/12 - 5*z**4/24 + z**3/2 + z**2. Let q = 479 + -335. Let u = -138 + q. Give n(u).
9
Suppose -4*x = -4*b, -5*x + 20 = -0*x. Suppose -2*f + 5 = -s, b*f + s = 9*f - 11. Let h(l) = -8*l - l**2 + 4*l - l**2 + 0*l**f. What is h(-4)?
-16
Let u(r) = -r**2 - 10*r + 4. Let z(x) = -x. Let g be 6/9 - 20/12. Let q(b) = g*u(b) + 4*z(b). Determine q(-3).
-13
Suppose -5*h = l - 2, 1 = 5*h + 4*l - 7. Let s(m) be the first derivative of -15 - 8*m - 1/2*m**2. What is s(h)?
-8
Let v(y) = y**2 - 5*y. Let x(s) = 6*s**2 + 23*s - 2. Let u(t) = 4*v(t) - x(t). Give u(-20).
62
Let s(w) = 3 - 1 - w**2 - 1 + 2*w. Let n(q) = -161*q**3 + 2*q + 1. Let y be n(-1). Let v = y - 161. What is s(v)?
-2
Suppose -17*n + 144 = 110. Let q(u) = 3*u**2 + 9*u - 25. Determine q(n).
5
Let b be 27/(-18)*(-4)/(-6). Let l be -2 - ((-3)/b)/((-6)/(-8)). Let c(n) = -1 - 2*n - 6*n**2 - n**3 + 7 + 5*n. Determine c(l).
-12
Suppose 68 = 110*u - 262. Let z(v) = -v + 34. Calculate z(u).
31
Let w be ((-9)/12)/(((-45)/(-36))/5). Suppose -2*i + 4 + 2 = 0. Let s(x) = x + i - 3*x + 2*x**2 + 2*x. Give s(w).
21
Let i(s) = s + 0*s**3 - 5*s**3 + 5 - 4 + 396*s**2 - 396*s**2. Give i(-1).
5
Suppose 363 = -70*w + 67*w. Suppose 3*o + 356 = -2*q, -q - 61 = o + 56. Let s = w - o. Let l(j) = -19*j. Determine l(s).
-19
Let g be (-1970)/(-140) + (-2)/28 + -11. Let d(f) be the first derivative of f**2 - 1/3*f**g + 5*f + 13. Calculate d(4).
-3
Suppose -5*u - 91 + 121 = 0. Let c(f) be the second derivative of -f**3/6 + 3*f. Let a(w) = -w**2 + 14*w - 9. Let g(v) = -a(v) - 6*c(v). Determine g(u).
-3
Let i(a) = 12 - 12 + 3 - 2*a. Suppose -13*v + 11*v = -3*h - 13, -2